r when c is divided by d.
51
Suppose -2*q + 9*x + 537 = 8*x, 1370 = 5*q + 3*x. Let i = -246 + q. What is the remainder when 88 is divided by i?
13
Suppose 20*u - 4*u - 77922 = -2*u. Calculate the remainder when u is divided by 217.
206
Let o(q) = -5*q + 645. What is the remainder when o(96) is divided by 15?
0
Suppose 18*k - 17 = 19*k. Let a = 22 - k. Calculate the remainder when a is divided by 15.
9
Let s(h) = -4*h - 20. Let x be s(-6). Suppose -x*g - 5*v + 151 = 0, -3*v + 15 = 2*v. Calculate the remainder when g is divided by -16*(-1 - (-3)/6).
2
Let f(r) = 63*r - 9 - 16 - 17 + 6. Calculate the remainder when f(3) is divided by 7.
6
Suppose 4*j = -b + 2082, 5*j - 2*b - b - 2611 = 0. Calculate the remainder when j is divided by (13 - 0 - 11) + 62 - -11.
71
Suppose -m = -3*c + 574, -27*c - 950 = -32*c + 3*m. What is the remainder when c is divided by 85?
23
Let l(u) be the third derivative of u**5/60 + 3*u**4/4 + 10*u**3/3 - 2*u**2. Suppose -42*v = 9*v + 867. Calculate the remainder when 8 is divided by l(v).
2
Suppose c - 33 = -21. Suppose -c*d + 3*d = -207. Let z = 359 - 245. What is the remainder when z is divided by d?
22
Let z be (-2)/(-6)*3 + -31. Let s be 39/(-65) + (-3 - 928/20). Let c = z - s. What is the remainder when 79 is divided by c?
19
Suppose -2*w = 3*m - 227, -2*w = -5*m + 360 + 13. Let r = 872 - 1376. Let d = -476 - r. What is the remainder when m is divided by d?
19
Suppose 3*c = -2*f + 12, -16 = 3*c - 7*c. Suppose 2*w - 3*h = -f*h + 18, 4*h = -2*w + 46. Suppose 0 = v - 39 + 12. What is the remainder when v is divided by w?
12
Let x be 2/4*(-8 + (-10274)/11). Let s = x + 500. Calculate the remainder when s is divided by 3.
2
Let i = -35 - -37. Suppose -2*a = 2*n - 2, -i*a - a + 6 = 2*n. Suppose -2*q - q = -l + a, -5*l + 2*q = -20. What is the remainder when 14 is divided by l?
2
Let t be (-6)/(-10)*(-2 + (9 - 2)). Calculate the remainder when (-420)/((-4)/1) + t is divided by 9.
0
Let f be (-30)/(-40) + 178/8. Let s = f + -5. What is the remainder when 104 is divided by s?
14
Suppose 5644*u - 5656*u + 61656 = 0. Calculate the remainder when u is divided by 50.
38
Let j = -13738 + 13888. Suppose 0 = 5*x - 65 - 30. Calculate the remainder when j is divided by x.
17
Let m(x) = -26*x**2 - 7*x - 4. Let u be m(-1). Suppose 10*h - 148 = 6*h. Let z = h + u. Calculate the remainder when 40 is divided by z.
12
Let j(m) = -m**2 - 5*m + 1. Suppose -3*b + 156 = d - 82, 2*b + 5*d = 150. Suppose -5*i + 10*i = b. What is the remainder when i is divided by j(-4)?
1
Let i be (-12)/(-2)*(-1)/2. Let y be (3/(-9))/((-1)/i). Let m = 10 + y. Calculate the remainder when m is divided by 3.
0
Suppose -14*k + 1000 = -1142. What is the remainder when k is divided by 82?
71
Let i(w) = -65*w - 1352. Calculate the remainder when i(-25) is divided by 26.
13
Let y be (-18)/(-15)*870/9. Suppose -5*b + 9*b + y = 0. Let d = b - -37. What is the remainder when 29 is divided by d?
5
Let z = 28 + -24. Let n = -68 - -98. Suppose 0 = -2*g - 3*g + n. What is the remainder when g is divided by z?
2
Let q(h) = 7*h**3 + 22*h**2 - h - 4. Suppose -k = 8*k - 369. What is the remainder when k is divided by q(-3)?
1
What is the remainder when (12/8 + (-4 - (-6)/12))*-124 is divided by 150?
98
Let i = -13301 + 13327. What is the remainder when 16533 is divided by i?
23
Suppose m + k = 99, -4*m = 2*k - 163 - 225. Let b = 99 - m. Suppose -a = -b*z + 3*z - 35, 0 = 3*a + z - 117. What is the remainder when 73 is divided by a?
35
Suppose 108*t - 59*t = 55*t - 852. Calculate the remainder when 6814 is divided by t.
140
Let n = 3426 + -2337. Calculate the remainder when n is divided by 14.
11
Calculate the remainder when 323 is divided by 146/292 + 386/4.
32
Let u be 2/(-5) + 1128/20. Calculate the remainder when 4/(-14) + 2368/u is divided by ((-20)/6)/(445/(-1602)).
6
Suppose -4*z - b = -3*b - 46, 3*b - 85 = -5*z. Calculate the remainder when z is divided by (44/(-14) + 6)/((-2)/(-7)).
4
Suppose -9966 + 1551 = -112*g + 3121. Let s = -160 - -464. Calculate the remainder when s is divided by g.
98
Let y = -102 + 123. Suppose 0 = -4*k + 8 + 12. Suppose k*u + 8 + 22 = 5*g, -3*g - 5*u + 18 = 0. Calculate the remainder when y is divided by g.
3
Suppose 18 = 2*g + 2*o, 5*g + 230*o = 231*o + 27. Calculate the remainder when 52 is divided by g.
4
Let q(m) = 13*m**2 + 155*m + 244. Calculate the remainder when q(-27) is divided by 252.
244
Calculate the remainder when 608 is divided by (-1 - 2)*126/(-54).
6
Let z(x) = -x**3 - 6*x**2 + 7. Let t be z(-6). Let b be (1 - (-6)/(-4))*(t - 17). Suppose -40*q + b = -39*q. Calculate the remainder when 49 is divided by q.
4
Suppose -3*v = 18 - 333 + 18. Suppose -24 = -4*z + 60. What is the remainder when v is divided by z?
15
Let d = -10733 - -10755. Let f(n) = -2*n**3 - 3*n**2 + n - 3. What is the remainder when f(-4) is divided by d?
7
Calculate the remainder when 587/(-20)*1780/(-89) is divided by 74.
69
Let a = 13 - -16. Let d(p) = 10*p + 140. Let q be d(-14). Suppose 6*t + 11 - a = q. Calculate the remainder when 10 is divided by t.
1
Let l = 19362 - 18031. What is the remainder when l is divided by 267?
263
Let n be (8/(-3))/(12/(-18)). Suppose r + r = n. Suppose 5*d + m = 54, d = 3*d + r*m - 28. What is the remainder when 49 is divided by d?
9
Suppose 192*s - 145 = 187*s. Let t = 44 + -32. What is the remainder when ((-28)/3)/((-2)/t) is divided by s?
27
Let g(t) = -t**2 + 59*t - 90. What is the remainder when g(16) is divided by 150?
148
Suppose -37*n + 1064 = 139. Calculate the remainder when 841 is divided by n.
16
Suppose -3*u - 11512 = -5*p - 3992, 4*p + 4*u - 6016 = 0. What is the remainder when p is divided by 137?
134
Let b = 3036 - 1939. What is the remainder when b is divided by 22?
19
Let q = -224 + 249. Let b(k) = k**3 + 2*k**2 - 5*k - 4. Let t be b(4). Suppose -3*i - t = -4*i. What is the remainder when i is divided by q?
22
What is the remainder when 538 is divided by -26*(-2)/286 - (-258)/33?
2
Let u = -4115 - -4184. Calculate the remainder when 211 is divided by u.
4
Let h = 58 + 11. Calculate the remainder when h is divided by (-106528)/23303*(-21)/4.
21
Suppose -p + 480 = -2*y + 3*p, -5*y - 1200 = -5*p. Let g = y - -256. Calculate the remainder when 429/7 + (-4)/14 is divided by g.
13
Let y(i) = i - 4. Let n be y(7). Let l(x) = 2*x**2 - 3*x + 1. Calculate the remainder when (-1)/(150/40 - 3 - (-91)/(-116)) is divided by l(n).
9
Let q(g) = 16*g - 15. Let l(b) = b**2 + 2*b - 18. Calculate the remainder when l(11) is divided by q(3).
26
Let z = -248 - -253. Suppose 4*u = 5*d - 77, -2*u + 41 = -4*u + 5*d. Let b = u + 31. What is the remainder when b is divided by z?
3
What is the remainder when ((-2985)/(-9))/((-1070)/(-1926)) is divided by 2?
1
Suppose 349 = 5*s - 4*a, -2*s - 4*a + 44 = -90. Let j = 74 - s. Suppose j*q + 115 = 155. Calculate the remainder when 28 is divided by q.
4
Suppose 197*k + 1698 = -3818. Let l(b) = b**3 - 6*b**2 - 5*b - 6. Let z be l(6). Let r = k - z. What is the remainder when r is divided by 6?
2
Let l = -6178 - -6212. What is the remainder when 1222 is divided by l?
32
Suppose -197*h + 1484 = -3006 - 1026. Calculate the remainder when 8733 is divided by h.
25
Let i = -351 + 465. Calculate the remainder when 0 + i + 6 - 1 is divided by 21.
14
Let u = 198 - 201. Calculate the remainder when -3 - (u/(-4) + 3762/(-24)) is divided by 22.
21
Suppose s - 7188 = 4*g - 2840, -s - 3*g = -4355. What is the remainder when s is divided by 132?
128
Suppose 18 = 3*i + 3. Suppose -2250 = -f - i*f. What is the remainder when f is divided by 18?
15
Suppose -2070 = -5*f + 5*t + 32105, 0 = -t + 9. What is the remainder when f is divided by 32?
28
Let l(f) = -144*f - 17 + 72*f - 2*f**2 + 65*f. Let c be l(-15). Calculate the remainder when 4 - (-4)/(-8)*c is divided by 17.
15
Suppose 15*f - 4187 = 268. Let l = -288 + f. What is the remainder when 16 is divided by l?
7
Suppose -40*g + 45*g = 90. Suppose -u - 44 = -3*o, -3*u + g = 10*o - 9*o. What is the remainder when 39 is divided by o?
9
Let r(d) = d**3 + 6*d**2 + 6*d + 9. Let o be r(-5). Let a(p) = 3*p + o*p - 5 - 7 + 8*p. Calculate the remainder when 50 is divided by a(2).
14
Let c = 10128 + -10106. What is the remainder when 5915 is divided by c?
19
Suppose 0 =